{"id":23,"date":"2006-02-13T22:22:45","date_gmt":"2006-02-14T03:22:45","guid":{"rendered":"http:\/\/blog.historybegan.org\/?page_id=23"},"modified":"2008-01-27T20:07:37","modified_gmt":"2008-01-28T01:07:37","slug":"%e8%be%ad%e4%bf%ae%e9%ab%98%e4%b8%ad","status":"publish","type":"page","link":"http:\/\/blog.historybegan.org\/?page_id=23","title":{"rendered":"\u00e8\u00be\u00ad\u00e4\u00bf\u00ae\u00e9\u00ab\u02dc\u00e4\u00b8\u00ad"},"content":{"rendered":"<p>\u00e6\u02c6\u2018\u00e6\u0192\u00b3\u00e5\u00b0\u008d\u00e8\u00ae\u20ac\u00e9\u0081\u017d\u00e8\u00be\u00ad\u00e4\u00bf\u00ae\u00e7\u0161\u201e\u00e4\u00ba\u00ba,\u00e8\u00be\u00ad\u00e4\u00bf\u00ae\u00e6\u02dc\u00af\u00e5\u00be\u02c6\u00e5\u20ac\u00bc\u00e5\u00be\u2014\u00e6\u2021\u00b7\u00e5\u00bf\u00b5\u00e7\u0161\u201e<\/p>\n<p>\u00e7\u008f\u00be\u00e5\u0153\u00a8\u00e8\u00be\u00ad\u00e4\u00bf\u00ae (http:\/\/www.tsshs.tpc.edu.tw\/) \u00e7\u0161\u201e\u00e6\u2039\u203a\u00e7\u201d\u0178\u00e5\u00bb\u00a3\u00e5\u2018\u0160\u00e4\u00b8\u0160\u00e5\u00bc\u00b7\u00e8\u00aa\u00bf\u00e7\u0161\u201e\u00e6\u02dc\u00af&amp;quot;\u00e5\u2026\u00a8\u00e4\u00ba\u00ba\u00e6\u2022\u2122\u00e8\u201a\u00b2&amp;quot;,&amp;quot;\u00e8\u2039\u00b1\u00e8\u00aa\u017e\u00e6\u2022\u2122\u00e5\u00ad\u00b8&amp;quot;\u00e7\u00ad\u2030,\u00e7\u2022\u00b6\u00e5\u00b9\u00b4(\u00e6\u02c6\u2018\u00e6\u02dc\u00af\u00e7\u00ac\u00ac\u00e4\u00b9\u009d\u00e5\u00b1\u2020\u00e7\u2022\u00a2\u00e6\u00a5\u00ad\u00e7\u201d\u0178\u00e3\u20ac\u0081\u00e5\u0153\u00a8\u00e6\u00a0\u00a1\u00e6\u0153\u0178\u00e9\u2013\u201c\u00e7\u201a\u00ba\u00e6\u00b0\u2018\u00e5\u0153\u2039\u00ef\u00bc\u2013\u00ef\u00bc\u02dc\u00e5\u00b9\u00b4\u00e8\u2021\u00b3\u00ef\u00bc\u2014\u00ef\u00bc\u2018\u00e5\u00b9\u00b4)\u00e6\u2021\u2030\u00e8\u00a9\u00b2\u00e5\u008f\u00aa\u00e6\u0153\u2030&amp;quot;\u00e7\u00ae\u00a1\u00e7\u0090\u2020\u00e5\u0161\u00b4\u00e6\u00a0\u00bc&amp;quot;\u00e5\u0090\u00a7\u00ef\u00bc\u0081<\/p>\n<p> \u00e6\u0153\u2030\u00e8\u00b3\u00b4Internet\u00e7\u0161\u201e\u00e6\u2122\u00ae\u00e5\u008f\u0160\u00e3\u20ac\u0081\u00e6\u02c6\u2018\u00e5\u20ac\u2018\u00e4\u00b8\u20ac\u00e7\u00be\u00a4\u00e8\u20ac\u0081\u00e5\u0090\u0152\u00e5\u00ad\u00b8\u00e5\u008f\u02c6\u00e5\u008f\u00af\u00e4\u00bb\u00a5\u00e5\u0153\u00a8\u00e4\u00b8\u20ac\u00e8\u00b5\u00b7\u00e5\u201c\u02c6\u00e5\u2022\u00a6\u00e4\u00ba\u2020\u00ef\u00bc\u0081<br \/> <a href=\"http:\/\/blog.historybegan.org\/?attachment_id=27\" title=\"image13.jpg\"><img loading=\"lazy\" decoding=\"async\" src=\"http:\/\/blog.historybegan.org\/wp-content\/uploads\/2006\/02\/image13.thumbnail.jpg\" border=\"0\" alt=\"image13.jpg\" width=\"128\" height=\"88\" \/><\/a><a href=\"http:\/\/blog.historybegan.org\/?attachment_id=28\" title=\"image15.jpg\"><img loading=\"lazy\" decoding=\"async\" src=\"http:\/\/blog.historybegan.org\/wp-content\/uploads\/2006\/02\/image15.thumbnail.jpg\" border=\"0\" alt=\"image15.jpg\" width=\"128\" height=\"88\" \/><\/a><a href=\"http:\/\/blog.historybegan.org\/?attachment_id=29\" title=\"image12.jpg\"><img loading=\"lazy\" decoding=\"async\" src=\"http:\/\/blog.historybegan.org\/wp-content\/uploads\/2006\/02\/image12.thumbnail.jpg\" border=\"0\" alt=\"image12.jpg\" width=\"66\" height=\"96\" \/><\/a><a href=\"http:\/\/blog.historybegan.org\/?attachment_id=29\" title=\"image12.jpg\"> <\/p>\n<div><a href=\"http:\/\/blog.historybegan.org\/?attachment_id=25\" title=\"image7.jpg\"><img loading=\"lazy\" decoding=\"async\" src=\"http:\/\/blog.historybegan.org\/wp-content\/uploads\/2006\/02\/image7.thumbnail.jpg\" border=\"0\" alt=\"image7.jpg\" width=\"128\" height=\"88\" \/><\/a><a href=\"http:\/\/blog.historybegan.org\/?attachment_id=26\" title=\"image14.jpg\"><img loading=\"lazy\" decoding=\"async\" src=\"http:\/\/blog.historybegan.org\/wp-content\/uploads\/2006\/02\/image14.thumbnail.jpg\" border=\"0\" alt=\"image14.jpg\" width=\"128\" height=\"88\" \/><\/a><\/div>\n<p> <\/a><a href=\"http:\/\/blog.historybegan.org\/?attachment_id=25\" title=\"image7.jpg\"><img loading=\"lazy\" decoding=\"async\" src=\"http:\/\/blog.historybegan.org\/wp-content\/uploads\/2006\/02\/image7.thumbnail.jpg\" border=\"0\" alt=\"image7.jpg\" width=\"128\" height=\"88\" \/><\/a><a href=\"http:\/\/blog.historybegan.org\/?attachment_id=26\" title=\"image14.jpg\"><img loading=\"lazy\" decoding=\"async\" src=\"http:\/\/blog.historybegan.org\/wp-content\/uploads\/2006\/02\/image14.thumbnail.jpg\" border=\"0\" alt=\"image14.jpg\" width=\"128\" height=\"88\" \/><\/a> <\/p>\n<p>\u00e6\u00ad\u00a1\u00e8\u00bf\u017d\u00e9\u0081\u017d\u00e8\u00a8\u00aa\u00e8\u00be\u00ad\u00e4\u00bf\u00ae\u00e4\u00ba\u00ba\u00e7\u2022\u2122\u00e8\u00a8\u20ac<\/p>\n","protected":false},"excerpt":{"rendered":"<p>\u00e6\u02c6\u2018\u00e6\u0192\u00b3\u00e5\u00b0\u008d\u00e8\u00ae\u20ac\u00e9\u0081\u017d\u00e8\u00be\u00ad\u00e4\u00bf\u00ae\u00e7\u0161\u201e\u00e4\u00ba\u00ba,\u00e8\u00be\u00ad\u00e4\u00bf\u00ae\u00e6\u02dc\u00af\u00e5\u00be\u02c6\u00e5\u20ac\u00bc\u00e5\u00be\u2014\u00e6\u2021\u00b7\u00e5\u00bf\u00b5\u00e7\u0161\u201e \u00e7\u008f\u00be\u00e5\u0153\u00a8\u00e8\u00be\u00ad\u00e4\u00bf\u00ae (http:\/\/www.tsshs.tpc.edu.tw\/) \u00e7\u0161\u201e\u00e6\u2039\u203a\u00e7\u201d\u0178\u00e5\u00bb\u00a3\u00e5\u2018\u0160\u00e4\u00b8\u0160\u00e5\u00bc\u00b7\u00e8\u00aa\u00bf\u00e7\u0161\u201e\u00e6\u02dc\u00af&amp;quot;\u00e5\u2026\u00a8\u00e4\u00ba\u00ba\u00e6\u2022\u2122\u00e8\u201a\u00b2&amp;quot;,&amp;quot;\u00e8\u2039\u00b1\u00e8\u00aa\u017e\u00e6\u2022\u2122\u00e5\u00ad\u00b8&amp;quot;\u00e7\u00ad\u2030,\u00e7\u2022\u00b6\u00e5\u00b9\u00b4(\u00e6\u02c6\u2018\u00e6\u02dc\u00af\u00e7\u00ac\u00ac\u00e4\u00b9\u009d\u00e5\u00b1\u2020\u00e7\u2022\u00a2\u00e6\u00a5\u00ad\u00e7\u201d\u0178\u00e3\u20ac\u0081\u00e5\u0153\u00a8\u00e6\u00a0\u00a1\u00e6\u0153\u0178\u00e9\u2013\u201c\u00e7\u201a\u00ba\u00e6\u00b0\u2018\u00e5\u0153\u2039\u00ef\u00bc\u2013\u00ef\u00bc\u02dc\u00e5\u00b9\u00b4\u00e8\u2021\u00b3\u00ef\u00bc\u2014\u00ef\u00bc\u2018\u00e5\u00b9\u00b4)\u00e6\u2021\u2030\u00e8\u00a9\u00b2\u00e5\u008f\u00aa\u00e6\u0153\u2030&amp;quot;\u00e7\u00ae\u00a1\u00e7\u0090\u2020\u00e5\u0161\u00b4\u00e6\u00a0\u00bc&amp;quot;\u00e5\u0090\u00a7\u00ef\u00bc\u0081 \u00e6\u0153\u2030\u00e8\u00b3\u00b4Internet\u00e7\u0161\u201e\u00e6\u2122\u00ae\u00e5\u008f\u0160\u00e3\u20ac\u0081\u00e6\u02c6\u2018\u00e5\u20ac\u2018\u00e4\u00b8\u20ac\u00e7\u00be\u00a4\u00e8\u20ac\u0081\u00e5\u0090\u0152\u00e5\u00ad\u00b8\u00e5\u008f\u02c6\u00e5\u008f\u00af\u00e4\u00bb\u00a5\u00e5\u0153\u00a8\u00e4\u00b8\u20ac\u00e8\u00b5\u00b7\u00e5\u201c\u02c6\u00e5\u2022\u00a6\u00e4\u00ba\u2020\u00ef\u00bc\u0081 \u00e6\u00ad\u00a1\u00e8\u00bf\u017d\u00e9\u0081\u017d\u00e8\u00a8\u00aa\u00e8\u00be\u00ad\u00e4\u00bf\u00ae\u00e4\u00ba\u00ba\u00e7\u2022\u2122\u00e8\u00a8\u20ac<\/p>\n","protected":false},"author":2,"featured_media":0,"parent":0,"menu_order":0,"comment_status":"open","ping_status":"open","template":"","meta":{"footnotes":""},"_links":{"self":[{"href":"http:\/\/blog.historybegan.org\/index.php?rest_route=\/wp\/v2\/pages\/23"}],"collection":[{"href":"http:\/\/blog.historybegan.org\/index.php?rest_route=\/wp\/v2\/pages"}],"about":[{"href":"http:\/\/blog.historybegan.org\/index.php?rest_route=\/wp\/v2\/types\/page"}],"author":[{"embeddable":true,"href":"http:\/\/blog.historybegan.org\/index.php?rest_route=\/wp\/v2\/users\/2"}],"replies":[{"embeddable":true,"href":"http:\/\/blog.historybegan.org\/index.php?rest_route=%2Fwp%2Fv2%2Fcomments&post=23"}],"version-history":[{"count":0,"href":"http:\/\/blog.historybegan.org\/index.php?rest_route=\/wp\/v2\/pages\/23\/revisions"}],"wp:attachment":[{"href":"http:\/\/blog.historybegan.org\/index.php?rest_route=%2Fwp%2Fv2%2Fmedia&parent=23"}],"curies":[{"name":"wp","href":"https:\/\/api.w.org\/{rel}","templated":true}]}}